8?
3
Calculate the remainder when 61/2*(122 - 121)/((-2)/(-860)) is divided by 320.
315
Let d(c) = 3*c**2 - 73*c + 30. Let g be d(22). Let i = -74 - g. What is the remainder when 139 is divided by i?
39
Let i = -807 + 812. Suppose 3*q = 6*q - 5*k - 46, i*k - 130 = -5*q. Calculate the remainder when 168 is divided by q.
14
Suppose 5*k + 2 = 52. Suppose -2*p + 15 = p. Suppose r - 3*y - 56 = -17, p*r = -2*y + 195. Calculate the remainder when r is divided by k.
9
Let b = -48 - 20. Let g be (b/(-12) + -5)/(4/(-114)). Let f = 8 - g. What is the remainder when f is divided by 15?
12
Let j = -45 + 52. Let l = j + -13. What is the remainder when 54/4 + -3 + (-15)/l is divided by 5?
3
Let d(m) = 3*m - 3*m - 18*m**2 + 69 + 17*m**2. Calculate the remainder when 178 is divided by d(-7).
18
Let t = 16 - 8. Let o(n) = 34 - 20*n + 53 + 45 - n**2 - 164. What is the remainder when t is divided by o(-2)?
0
Suppose -8*d = -3*d + 5, -3*x + 5*d + 905 = 0. Let v = -296 + x. What is the remainder when 8 is divided by v?
0
Let z(p) = -11*p**3 - p**2 - 2*p - 1. Suppose -4*l - 4*y = -l + 19, l + y + 5 = 0. Calculate the remainder when (2 - -32) + 2 - (1 - 3) is divided by z(l).
5
Suppose p - 2 = -9. What is the remainder when 104 is divided by 2 + ((-2)/6)/(p/1071)?
51
Let t(k) = -4*k - 34. Let w be t(-11). Let m = -10 - -22. Calculate the remainder when m is divided by (2 + (-36)/w)/(1/(-5)).
4
Suppose 2*u - 191 - 257 = 0. Let r = u + -187. What is the remainder when 49 is divided by r?
12
Let m(c) = c**3 - 9*c**2 - 12*c + 180. Calculate the remainder when 183 is divided by m(8).
3
Let k = 5 + 8. Let n(o) = 3*o**2 - 9*o + 40. Let m be n(-7). Suppose -19*p - m = -24*p. Calculate the remainder when p is divided by k.
11
What is the remainder when 281 is divided by (6052/89)/(1/2)?
9
Suppose 2*j = 2*n - 26, -n = 2*n - 2*j - 39. What is the remainder when (2 - 26)/((-9)/30) is divided by (84/(-9))/(n/(-39))?
24
Suppose -26*f + 90 = -21*f. Let i = f + 39. What is the remainder when i is divided by 10?
7
Let r = 72 - 77. Calculate the remainder when (2 + 5)/(-6*r/870) is divided by 34.
33
Let a = -150330 - -150338. Calculate the remainder when a is divided by 8/(-3)*(-6)/4.
0
Let o = 176 - 168. Suppose 0 = -3*c - o*b + 6*b + 52, -2*c + 8 = -4*b. What is the remainder when 63 is divided by c?
7
Let a(g) = -4*g**2 - 132*g - 165. Calculate the remainder when a(-31) is divided by 51.
32
Let d(p) = 88*p - 271. Let m be d(11). Let z = 751 - m. What is the remainder when z is divided by 29?
25
Suppose -124*y + 105*y = -14554. What is the remainder when y is divided by 192?
190
Suppose -9*o + 10*o - 30 = 0. Let d(t) = t - 4. Suppose -r = 5*h + 2 - 21, -4*r = -2*h - 76. What is the remainder when o is divided by d(r)?
0
Calculate the remainder when 958 is divided by 4/((72/(-76))/9)*(-2)/4.
8
Let a = -70 + 865. What is the remainder when 2397 is divided by a?
12
Let x = 4364 - 4179. What is the remainder when 652 is divided by x?
97
Let d = 216 - 213. Suppose -2*a - 505 - 600 = -5*i, d*a = -5*i + 1130. What is the remainder when i is divided by 56?
55
Suppose -5*w - 3*h + 21 + 8 = 0, 3*w + 3*h - 21 = 0. Suppose 3*z - 353 = -4*x, 9*x - 10*x = w. What is the remainder when z is divided by (-2)/6 - 165/(-9)?
15
Suppose -4*c = 5*x - 246, 3*c + 17 + 86 = 2*x. What is the remainder when 132/33 + (1 - (-392)/1) is divided by x?
47
Let t be 18/(-15)*240/8. What is the remainder when (-34)/(-3)*(t + 42) is divided by 15?
8
Suppose 0 = 29*m - 42*m + 16146. Suppose -m = -t - 1215. What is the remainder when 48 is divided by t?
21
Let n = -3737 + 4172. Calculate the remainder when n is divided by 11.
6
Suppose -23*x - 4076 = 2663. Let g = x - -386. What is the remainder when g is divided by 1 - -17*1 - 2?
13
Let c = 3873 + -3868. Suppose 2*r - 6 = 0, -r = -z + 4*z - 138. What is the remainder when z is divided by c?
0
Let q(r) = r**3 - 6*r**2 - 6*r - 3. Let n(t) = -14*t - 178. What is the remainder when n(-17) is divided by q(7)?
0
Let f(q) = 4 + 3*q**2 - 26*q - 12*q + 18 + 1. Let z be f(12). Calculate the remainder when (-1 - -274) + z*(2 - 5) is divided by 31.
28
Let s be (4*-3)/1*42/(-18). Suppose -12 = 2*n + 10*o - 5*o, 4*o + s = 3*n. Suppose -2*m = n*m - 210. What is the remainder when m is divided by 12?
11
Let i = -8042 - -8666. What is the remainder when i is divided by 210?
204
Let t(o) = 16*o - 2. Suppose 24*x - 241 = 428 - 69. What is the remainder when t(2) is divided by x?
5
Let j be (51/68)/(9/312). Suppose 282 = 8*s + j. What is the remainder when s is divided by 5?
2
Suppose 4 = 2*p - 5*q - 8, 5*p + 2*q = -28. Suppose -4*s - 4*d = -42 - 342, -s = -5*d - 72. Calculate the remainder when s is divided by p/8 + 306/12.
17
Let x(a) = -5*a**2 - 108*a - 1. Let n be x(-24). Let h = n - -355. What is the remainder when 320 is divided by h?
56
Let o be 1 + (-3971)/21 - 158/(-1659). Let l = 203 + o. What is the remainder when 58 is divided by l?
13
Let f = -9 - -9. Suppose f = 5*m - 74 - 106. What is the remainder when m is divided by 5?
1
Suppose 0 = c - 40*c - 1404. What is the remainder when (-5736)/c + 8/3 is divided by 15?
12
Let k(z) = -z + 2. Let x(o) = 141*o + 50. Let u(n) = -2*k(n) - x(n). What is the remainder when u(-4) is divided by 18?
16
Suppose -10*n + 12*n = y - 1054, 12*y = -5*n + 12619. Calculate the remainder when y is divided by 9.
8
Suppose -2*g - 3*o = -91, o + 201 = 4*g + 26. Calculate the remainder when 165 is divided by g.
33
Suppose 0 = r - 4*v + 3*v - 5, r - 5*v = -11. Suppose 108 = -14*o + 16*o. What is the remainder when o is divided by 6/r*6*2?
6
Suppose 0 = -2*q + m + 947, -q + 4*m + m + 496 = 0. Calculate the remainder when q is divided by 118.
117
Calculate the remainder when 92 is divided by ((-2)/(-9)*3)/((-36)/(-324)).
2
Let t(w) = -3*w**3 - 6*w**2 - w + 3. Let s be (2 - 3)/((-3)/51). Let f = s + -12. Calculate the remainder when t(-2) is divided by f.
0
Let m = 1677 - 1662. Calculate the remainder when 70 is divided by m.
10
Suppose 2*q = 5*u + 25, -29 = -4*q + 5*u + 36. Calculate the remainder when 2438 is divided by q.
18
Suppose j + 204 = 3*p, 4*p - 1099*j + 1094*j = 294. What is the remainder when 647 is divided by p?
53
Let a be 0 - (0/(-4))/(-5). Suppose -4*o + 2*o + 30 = 0. What is the remainder when 9*-1*(a + -3) is divided by o?
12
Let z(r) = r**3 + 11*r**2 - 82*r - 455. Calculate the remainder when z(-13) is divided by 33.
9
Suppose -2*p - 5*u + 145 = 0, -4*u = -4*p - 5*u + 299. Let t(n) = -33*n - 1298. What is the remainder when p is divided by t(-40)?
9
Suppose -h + 3*h - 18 = 0. Suppose -h*o = -8*o. Suppose o*k - 4*b = 2*k - 84, -5*k = 5*b - 235. Calculate the remainder when k is divided by 14.
10
Let b(w) = 29*w - 68. Let i(y) = 28*y - 69. Let u(t) = -4*b(t) + 5*i(t). What is the remainder when u(7) is divided by 16?
15
Let q(d) = 3*d**2 + 21*d + 8. Let k(g) = -g - 1. Let r be k(7). What is the remainder when 349 is divided by q(r)?
29
Suppose s - 4*i - 21 = 0, 4*i - 286 = -4*s - 62. Calculate the remainder when 6222 is divided by s.
48
Suppose -b - 6*p + 27 = -4*p, -5*b + 108 = p. Calculate the remainder when 1193 is divided by b.
17
Suppose -s + 4*f = -104, -8*f = -3*f + 5. What is the remainder when 253 is divided by s?
53
Let g(d) be the third derivative of d**6/120 - 2*d**5/5 - d**4/24 + 6*d**3 - 64*d**2. Calculate the remainder when 106 is divided by g(24).
10
Let f(r) = r**2 - 122*r - 2925. What is the remainder when 8198 is divided by f(-23)?
408
Suppose -8*o = -11*o - 51*o. Suppose 4*q = 3*p + 940, o = 5*q - 4*p - p - 1175. Calculate the remainder when q is divided by 20.
15
Let o be (-132)/11*2/((-24)/(-9)). Let q(m) = 3*m**2 + 6*m - 40. Calculate the remainder when q(o) is divided by 22.
17
Let k = 645 + 530. Calculate the remainder when k is divided by 98.
97
Let w(y) = -3*y + 30. Let f be w(9). Let a(d) = -d**2 + 10*d - 21. Let i be a(f). Suppose i = 9*r + 2*r - 44. What is the remainder when r is divided by 2?
0
Suppose 0 = -4*q + 5*i + 101, 10*q - 6*q - 125 = -3*i. Calculate the remainder when 1767 is divided by q.
27
Let t = -32 + 37. Suppose -5*d - t*h + 30 = 0, -12 = -2*h - h. Suppose d*s - 125 = 3. What is the remainder when s is divided by 22?
20
Let o(m) = 94*m**2 - 3*m. What is the remainder when o(-1) is divided